e prime factors of x(j)?
2, 5
Let b = 15 + 21. What are the prime factors of b?
2, 3
Suppose 47 = 2*o + 37. What are the prime factors of o?
5
Suppose -2*g + 6*g - 8 = -2*o, 0 = -g. Let k be 10/(-15)*6/o. Let u = k - -8. What are the prime factors of u?
7
Let b = 26 - -188. List the prime factors of b.
2, 107
Let m = 2 + 5. Let x(y) = y - 3. Let r be x(m). Let b = 9 - r. List the prime factors of b.
5
Suppose 4*q + 0 = 16, -5*d - 25 = -5*q. Let b be (-2)/(9/6 + d). List the prime factors of b*2/((-8)/5).
5
Suppose -d + 2*d - 4 = 0. Suppose -2*j - d*k + 22 = 0, 2*j - 2*k - 7 = 15. What are the prime factors of j?
11
Suppose -4*f = -r + 55, -2*r - 72 = -3*f + 8*f. Let h be (-5)/(-10) + f/(-4). Let p = h - -4. List the prime factors of p.
2
Let s = 168 + -76. List the prime factors of s.
2, 23
What are the prime factors of ((-240)/(-200))/((-3)/(-5))?
2
Let h(i) = 3*i**2 - 5. Let d be h(4). Suppose 5*b = -8 + d. What are the prime factors of (-2)/(1 - -1) + b?
2, 3
Suppose c + 91 = o + 4*c, -378 = -4*o + 2*c. What are the prime factors of o?
2, 47
Suppose 2*x = 4*r - 198, 3*r + 4*x - 47 - 107 = 0. Suppose 3*q - 8 = -o, 5*o - 15 - 13 = -3*q. Suppose -r = -o*c - 0*c. What are the prime factors of c?
2, 5
Let g(a) = 3*a**2 + 13*a + 1. Let i(d) = -d**2 - 3*d. Let t(s) = -2*g(s) - 9*i(s). What are the prime factors of t(2)?
2, 3
What are the prime factors of (-1)/(-2)*50 - -2?
3
Suppose -2*v + 2 = -6. Suppose 0 = t - 2, -3*t - v = -3*o - 2*t. What are the prime factors of o?
2
Let d = -1 - -1. Let v be 2 - (d + -1)*2. Suppose v*p + 30 = 2*l - 4, -2*p - 35 = -3*l. What are the prime factors of l?
3
Let h(z) = -z**3 + 7*z**2 - 6*z + 3. Let w(j) = j**2 + 2. Let p be w(2). Let g be h(p). Let b(n) = 3*n + 4. List the prime factors of b(g).
13
Let p(y) = 3*y - 1. Let b be p(1). Let t(k) = -5*k**3 - 2*k**2 + 1. Let c be t(b). Let l = -30 - c. What are the prime factors of l?
17
What are the prime factors of -4 - (2 - (2 - -13))?
3
Suppose -n + 18 = -24. What are the prime factors of n?
2, 3, 7
Let m(t) be the second derivative of -t**3/6 + 7*t**2/2 - t. What are the prime factors of m(-8)?
3, 5
Suppose -5*z + 6*z - 130 = 3*m, 470 = 4*z - 2*m. List the prime factors of z.
5, 23
Let o(p) = 14*p + 14. List the prime factors of o(4).
2, 5, 7
Let w be 1*4/(-8)*-4. Suppose w*d - 21 = -d. What are the prime factors of d?
7
Suppose -14*u + 11*u - 3*y + 78 = 0, 4 = y. Let s = 0 - -8. Suppose -s = -3*h + u. What are the prime factors of h?
2, 5
Suppose -2*h = -3*h. What are the prime factors of -2*1 + h - -9?
7
Let c be 27/(-5) - 2/(-5). Let w(s) = -s**2. Let p(z) = 7*z**2 + 8*z + 7. Let n(m) = -p(m) - 6*w(m). List the prime factors of n(c).
2
Let x = 24 + -54. Let r = x + 53. Let n = r + -8. List the prime factors of n.
3, 5
Let v = -684 + 991. What are the prime factors of v?
307
Let r(w) = w**3 - w**2 - 4*w + 9. List the prime factors of r(5).
89
Let c = -1 - -18. List the prime factors of c.
17
Let v(y) = -y**2 + 5*y - 2. Let j be v(4). Let a = 0 + j. Suppose 0 = -3*o - 13 - a, -t + o + 12 = 0. What are the prime factors of t?
7
Suppose 0*r + 2*r = 0. Suppose 0 = 3*k - r*f - 5*f - 40, 4*f - 32 = -4*k. Suppose 5*v - 2*v + 5*q = 43, -2*q = -k. What are the prime factors of v?
2, 3
Let r be -3 + 2 - (-3 + 2). Suppose 0*j + j = -q, r = -2*j - 8. Suppose 4*x + 20 = 0, -t - q*x + 2 = 9. List the prime factors of t.
13
Let n(y) = 6*y**2 - 4*y**3 + 5*y**3 - 9 - 2*y + 0*y**3. Let c be n(-6). Suppose -4*f + 5*s = -c - 52, 3*s - 15 = 0. List the prime factors of f.
2, 5
Let f be (1/2)/((-1)/(-4)). Let n = 7 - 0. Suppose -5*m - 3*r = -n, m - 5 + f = r. List the prime factors of m.
2
Suppose -48 = -5*t + 32. Let n(f) = 24*f**2 - f - 1. Let w be n(-1). Let j = w - t. List the prime factors of j.
2
Let z(i) = -5*i - 5. List the prime factors of z(-3).
2, 5
Suppose -6 = -2*v + 22. Let q be 4/v + 36/21. Suppose s + 4*s - 10 = d, -q*s + 6 = 0. List the prime factors of d.
5
Let u(t) = -2*t. Let i be u(-6). Suppose 3*k - k = i. Suppose -z + 4*z + k = 0, -2*g = -5*z - 28. What are the prime factors of g?
3
Let x(v) = -v**3 + 3*v**2 + 3*v - 4. Let z = 0 - -3. What are the prime factors of x(z)?
5
Suppose 0*f - 2 = -2*f. Let m(n) = 0*n - 4*n + 2*n**2 + 2*n**3 + 3*n + 0*n**2. List the prime factors of m(f).
3
Let i = 72 - 43. List the prime factors of i.
29
Suppose -4*z + 0*z + 280 = 0. Let d = z + -44. What are the prime factors of d?
2, 13
Let u = 1 - -1. Suppose -5 = -u*t + 3. What are the prime factors of t?
2
Let b be -2*2*(-4)/8. Suppose -f - f = -b, -64 = -5*r + f. What are the prime factors of r?
13
Let p(d) = -d**3 + 7*d**2 + 9*d + 8. Let m be (-17)/(-2) + (-2)/4. What are the prime factors of p(m)?
2
Let v be (14/(-6))/((-2)/(-12)). List the prime factors of (v/3)/(6/(-9)).
7
Suppose 2*g - 3 - 125 = 0. List the prime factors of g.
2
Let q = -58 + 62. List the prime factors of q.
2
Suppose 51 = 3*s - 0. List the prime factors of s.
17
Suppose -5*z + 15 = 0, 0 = -2*d - 0*d + 3*z + 5. Suppose 2*q = d*q - 25. List the prime factors of q.
5
Suppose 5 - 413 = -4*w. What are the prime factors of w?
2, 3, 17
Suppose -i - i - 3*q - 17 = 0, -i = 3*q + 7. What are the prime factors of (8/(-10))/(i/425)?
2, 17
Suppose -18 = -2*f + 56. What are the prime factors of f?
37
Let t be 2 - (-2 + (-22 - 0)). Suppose -3*v + t + 19 = 0. Suppose -3*r + 6 + v = 0. List the prime factors of r.
7
Let u be 2/3 - 95/(-15). Suppose 4*i - u = 1. Suppose -i*c - 17 = -3*c. What are the prime factors of c?
17
Let v = 10 - 5. Suppose 2*f = 3*f. Suppose v*q - 11 - 4 = f. What are the prime factors of q?
3
Let g(w) be the second derivative of -w**3/2 + w**2 + 3*w. Let j be g(4). Let z = j + 23. List the prime factors of z.
13
Suppose 0*l = -l + 2. Suppose -l*b - b + 6 = 0. Suppose 4*y = -4, -2*x = -0*y + b*y - 22. List the prime factors of x.
2, 3
Let j(v) = -v**3 - 6*v**2 + 5*v + 7. Let c(u) = u**3 + 5*u**2 - 4*u - 7. Let a(i) = 5*c(i) + 6*j(i). What are the prime factors of a(-12)?
31
Suppose -2*g = 4*w + 12, -w - 3 - 2 = g. List the prime factors of (-5 + 3)/w + 1.
3
Let s = 2 - -1. Suppose -c = s*c + o - 103, 4*c - o = 97. List the prime factors of c.
5
Let u = 47 - 17. List the prime factors of u.
2, 3, 5
Let f(q) = q**2 + q. Let s(v) be the third derivative of -v**5/20 - 3*v**4/8 - 5*v**3/3 + 2*v**2. Let n(l) = -2*f(l) - s(l). List the prime factors of n(-7).
2, 5
List the prime factors of (4/(-3))/((-6)/576).
2
Suppose -3*s = -0*s. Suppose -5*d + 3*a - 30 = s, 5*d = -a + 2*a - 20. What are the prime factors of 11/6 + d/(-18)?
2
Let y = 8 - 4. Let l be y/3 - (-6)/9. What are the prime factors of 5 - (l + (-4 - -1))?
2, 3
Suppose 4*l - 21 = 7. Let r = 12 - l. Let a(j) = -j**3 + 4*j**2 + 8*j - 6. What are the prime factors of a(r)?
3
What are the prime factors of ((-12)/(-14))/((-42)/(-882))?
2, 3
Suppose y = b - 1, 2*b + 3 = -y - 7. Let n = -14 - y. What are the prime factors of (n/(-3))/((-4)/(-18))?
3, 5
Suppose -4*r = 4*k - 120, 4*r + k - 59 = 64. Let x = r + -16. What are the prime factors of x?
3, 5
Suppose -447 = -5*z - 2*j, z = 3*z + j - 179. What are the prime factors of z?
89
Let h = 251 + -122. What are the prime factors of h?
3, 43
Let l(x) = -5*x + 3. Let n be l(2). What are the prime factors of n/(-2) + (-3)/6?
3
Let j(x) = -x**3 + 5*x**2 + 6. Let d(u) = -u**2 + 4*u + 5. Let b be d(4). What are the prime factors of j(b)?
2, 3
Let b(f) = 3*f**2 + f. Let w = 5 + -4. Let g be b(w). Suppose -5*d = -6*d - 3*s - g, 3*d = 5*s + 58. What are the prime factors of d?
11
Let i = 191 - 97. List the prime factors of i.
2, 47
Let a(p) = -5*p**2 + 6*p - 8. Let o(j) = -j**2 - 1. Let l(k) = -a(k) + 4*o(k). List the prime factors of l(7).
11
Suppose 101 = 2*j + 4*v - 255, -3*j = v - 549. What are the prime factors of j?
2, 23
Suppose 124 = -2*z + 588. What are the prime factors of z?
2, 29
Let k(q) be the first derivative of q**4 + q**3/3 - q**2/2 - q - 4. Let s be k(-1). Let n = 11 - s. What are the prime factors of n?
2, 7
Let k(g) = g + 127. List the prime factors of k(0).
127
Suppose -s = k - 41, 5*s = 9*k - 6*k - 115. What are the prime factors of k?
2, 5
Let i(a) = -33*a - 1. Let s be i(1). List the prime factors of (-5)/((-15)/9) - s.
37
Suppose 0*k - i = 4*k + 57, 3*k = -2*i - 39. Suppose -m - 1 = -